{"id":224,"date":"2021-10-12T11:55:55","date_gmt":"2021-10-12T09:55:55","guid":{"rendered":"http:\/\/declick.be\/index.php\/home\/"},"modified":"2025-01-30T09:27:06","modified_gmt":"2025-01-30T08:27:06","slug":"home","status":"publish","type":"page","link":"https:\/\/declick.be\/","title":{"rendered":""},"content":{"rendered":"\n<p>Dans les technologies informatiques depuis 1995, je me suis sp\u00e9cialis\u00e9 en bureautique et plus sp\u00e9cifiquement la suite MSOffice. Voici les programmes pour lesquels je peux vous faire b\u00e9n\u00e9ficier de mon expertise dans l&rsquo;ordre de mes comp\u00e9tences et de mes pr\u00e9f\u00e9rences: Access, Excel, Word, Outlook et Power Point.<\/p>\n\n\n\n<p>Je suis principalement formateur pour les diff\u00e9rents programmes mentionn\u00e9s ci-dessus mais je peux aussi intervenir dans la conception, le coaching, la r\u00e9solution de probl\u00e8mes et la formation personnalis\u00e9e dans ce domaine.<\/p>\n\n\n\n<p>N&rsquo;h\u00e9sitez pas \u00e0 me contacter pour toute demande ou tout projet sur lesquels nous pourrions collaborer.<\/p>\n\n\n\n<h5 class=\"wp-block-heading\">Jo\u00ebl LAMBERT<\/h5>\n\n\n\n<p><\/p>\n","protected":false},"excerpt":{"rendered":"<p>Dans les technologies informatiques depuis 1995, je me suis sp\u00e9cialis\u00e9 en bureautique et plus sp\u00e9cifiquement la suite MSOffice. Voici les programmes pour lesquels je peux vous faire b\u00e9n\u00e9ficier de mon expertise dans l&rsquo;ordre de&#46;&#46;&#46;<\/p>\n","protected":false},"author":1,"featured_media":0,"parent":0,"menu_order":0,"comment_status":"open","ping_status":"closed","template":"","meta":{"footnotes":""},"class_list":["post-224","page","type-page","status-publish","hentry"],"_links":{"self":[{"href":"https:\/\/declick.be\/index.php\/wp-json\/wp\/v2\/pages\/224","targetHints":{"allow":["GET"]}}],"collection":[{"href":"https:\/\/declick.be\/index.php\/wp-json\/wp\/v2\/pages"}],"about":[{"href":"https:\/\/declick.be\/index.php\/wp-json\/wp\/v2\/types\/page"}],"author":[{"embeddable":true,"href":"https:\/\/declick.be\/index.php\/wp-json\/wp\/v2\/users\/1"}],"replies":[{"embeddable":true,"href":"https:\/\/declick.be\/index.php\/wp-json\/wp\/v2\/comments?post=224"}],"version-history":[{"count":11,"href":"https:\/\/declick.be\/index.php\/wp-json\/wp\/v2\/pages\/224\/revisions"}],"predecessor-version":[{"id":1986,"href":"https:\/\/declick.be\/index.php\/wp-json\/wp\/v2\/pages\/224\/revisions\/1986"}],"wp:attachment":[{"href":"https:\/\/declick.be\/index.php\/wp-json\/wp\/v2\/media?parent=224"}],"curies":[{"name":"wp","href":"https:\/\/api.w.org\/{rel}","templated":true}]}}