{"id":34,"date":"2021-10-10T19:33:57","date_gmt":"2021-10-10T17:33:57","guid":{"rendered":"http:\/\/declick.be\/?page_id=34"},"modified":"2025-11-13T19:28:47","modified_gmt":"2025-11-13T18:28:47","slug":"9-excel-macros-vba","status":"publish","type":"page","link":"https:\/\/declick.be\/index.php\/9-excel-macros-vba\/","title":{"rendered":"10. Excel &#8211; Macros &#038; VBA"},"content":{"rendered":"\n<p>Ce cours s&rsquo;adresse aux personnes qui souhaitent s&rsquo;initier \u00e0 la cr\u00e9ation des macros en Excel et au langage de programmation de ces macros, le VBA (Visual Basic pour Applications). <\/p>\n\n\n\n<p>Cette \u00e9tude se compose de 2 parties principales.<\/p>\n\n\n\n<p>La premi\u00e8re partie traitera des macros et de l&rsquo;environnement des macros (enregistrement, diffusion, d\u00e9clenchement, classeur de macros personnelles, &#8230;) :<\/p>\n\n\n\n<p>Pour cette partie, les fichiers suivants seront utilis\u00e9s :<\/p>\n\n\n\n<ul class=\"wp-block-list\">\n<li><a href=\"https:\/\/declick.be\/wp-content\/uploads\/2025\/11\/1a-Macros.xlsm\">1a-Macros.xlsm<\/a> : Cr\u00e9ation d&rsquo;une premi\u00e8re macro et \u00e9tude de l&rsquo;environnement macro (\u00e9diteur VBA, classeur de macros personnelles, export des macros)<\/li>\n\n\n\n<li><a href=\"https:\/\/declick.be\/wp-content\/uploads\/2025\/11\/1b-Macros_Applications1.xls\">1b-Macros_Applications1.xls<\/a> : Exercices d&rsquo;application qui mettent en \u00e9vidence les subtilit\u00e9s de l&rsquo;enregistreur des macros<\/li>\n\n\n\n<li><a href=\"https:\/\/declick.be\/wp-content\/uploads\/2025\/11\/1c-Macros_Applications2.xlsm\">1c-Macros_Applications2.xlsm<\/a> : Applications concr\u00e8tes de l&rsquo;utilisation des macros<\/li>\n<\/ul>\n\n\n\n<p>La seconde partie sera consacr\u00e9e \u00e0 la programmation VBA et aux bases de cette programmation (proc\u00e9dure \u00ab\u00a0Sub\u00a0\u00bb &#8211; fonctions, variables, instructions conditionnelles, instruction de boucles, tableau de variables, &#8230;)<\/p>\n\n\n\n<p>Ci-dessous, vous pouvez t\u00e9l\u00e9charger les fichiers de cette partie :<\/p>\n\n\n\n<ul class=\"wp-block-list\">\n<li><a href=\"https:\/\/declick.be\/wp-content\/uploads\/2025\/11\/2a-VBA_Exercice1DEF.xlsm\">2a-VBA_Exercice1.xlsm<\/a> : Fichier principal de l&rsquo;\u00e9tude du VBA<\/li>\n\n\n\n<li><a href=\"https:\/\/declick.be\/wp-content\/uploads\/2023\/03\/2a-VBA_Exercice1_SecondClasseur.xlsx\">2a-VBA_Exercice1_SecondClasseur.xlsx<\/a> : Fichier utilis\u00e9 lors d&rsquo;un exercice du classeur pr\u00e9c\u00e9dent<\/li>\n\n\n\n<li><a href=\"https:\/\/declick.be\/wp-content\/uploads\/2025\/04\/2b-VBA_ExerciceSup.xlsm\">2b-VBA_ExerciceSup.xlsm<\/a> &#8211; <a href=\"https:\/\/declick.be\/wp-content\/uploads\/2025\/04\/Taux.xlsx\">Taux.xlsx<\/a> : Fichier de mise en application des bases VBA<\/li>\n<\/ul>\n\n\n\n<p><\/p>\n\n\n\n<p>Le dernier demi-jour de la formation sera utilis\u00e9 pour mettre en pratique les mati\u00e8res enseign\u00e9es. Les fichiers utilis\u00e9s \u00e0 cet effet sont les suivants : <\/p>\n\n\n\n<ul class=\"wp-block-list\">\n<li><a href=\"https:\/\/declick.be\/wp-content\/uploads\/2024\/11\/3-VBA_Exercice1-2.xlsm\">3-VBA_Exercice1.xlsm<\/a> : Fichier dans lequel vous trouverez les corrig\u00e9s des exercices \u00e0 r\u00e9aliser<\/li>\n\n\n\n<li><a href=\"https:\/\/declick.be\/wp-content\/uploads\/2024\/03\/Liste1.xlsx\">Liste1.xlsx<\/a> et <a href=\"https:\/\/declick.be\/wp-content\/uploads\/2024\/03\/Liste2.xlsx\">Liste2.xlsx<\/a> : Fichiers contenant les donn\u00e9es \u00e0 r\u00e9cup\u00e9rer<\/li>\n\n\n\n<li><a href=\"https:\/\/declick.be\/wp-content\/uploads\/2024\/03\/Liste-Vierge.xlsm\">Liste-Vierge.xlsm<\/a> : Fichier \u00e0 partir duquel seront r\u00e9alis\u00e9s les exercices<\/li>\n<\/ul>\n\n\n\n<p><\/p>\n\n\n\n<ul class=\"wp-block-list\">\n<li><a href=\"https:\/\/declick.be\/wp-content\/uploads\/2024\/11\/3-VBA_Exercice2.xlsm\">3-VBA_Exercice2.xlsm<\/a> : Second exercice de mise en application VBA &#8230; En construction<\/li>\n<\/ul>\n\n\n\n<p><\/p>\n","protected":false},"excerpt":{"rendered":"<p>Ce cours s&rsquo;adresse aux personnes qui souhaitent s&rsquo;initier \u00e0 la cr\u00e9ation des macros en Excel et au langage de programmation de ces macros, le VBA (Visual Basic pour Applications). Cette \u00e9tude se compose de&#46;&#46;&#46;<\/p>\n","protected":false},"author":1,"featured_media":0,"parent":0,"menu_order":0,"comment_status":"closed","ping_status":"closed","template":"","meta":{"footnotes":""},"class_list":["post-34","page","type-page","status-publish","hentry"],"_links":{"self":[{"href":"https:\/\/declick.be\/index.php\/wp-json\/wp\/v2\/pages\/34","targetHints":{"allow":["GET"]}}],"collection":[{"href":"https:\/\/declick.be\/index.php\/wp-json\/wp\/v2\/pages"}],"about":[{"href":"https:\/\/declick.be\/index.php\/wp-json\/wp\/v2\/types\/page"}],"author":[{"embeddable":true,"href":"https:\/\/declick.be\/index.php\/wp-json\/wp\/v2\/users\/1"}],"replies":[{"embeddable":true,"href":"https:\/\/declick.be\/index.php\/wp-json\/wp\/v2\/comments?post=34"}],"version-history":[{"count":32,"href":"https:\/\/declick.be\/index.php\/wp-json\/wp\/v2\/pages\/34\/revisions"}],"predecessor-version":[{"id":2076,"href":"https:\/\/declick.be\/index.php\/wp-json\/wp\/v2\/pages\/34\/revisions\/2076"}],"wp:attachment":[{"href":"https:\/\/declick.be\/index.php\/wp-json\/wp\/v2\/media?parent=34"}],"curies":[{"name":"wp","href":"https:\/\/api.w.org\/{rel}","templated":true}]}}