{"id":658,"date":"2021-11-14T14:24:01","date_gmt":"2021-11-14T13:24:01","guid":{"rendered":"http:\/\/declick.be\/?page_id=658"},"modified":"2022-03-13T20:20:46","modified_gmt":"2022-03-13T19:20:46","slug":"word-avance-2","status":"publish","type":"page","link":"https:\/\/declick.be\/index.php\/word-avance-2\/","title":{"rendered":"Word avanc\u00e9"},"content":{"rendered":"\n<p>Le cours suivant est un cours de Word avanc\u00e9. Il s&rsquo;adresse \u00e0 toute personne ayant des connaissances des bases de Word. Celles-ci peuvent avoir \u00e9t\u00e9 acquises par l&rsquo;exp\u00e9rience ou par le suivi d&rsquo;un cours de Word bases.<\/p>\n\n\n\n<p>Voici les diff\u00e9rents points qui seront abord\u00e9s lors de ce cours :<\/p>\n\n\n\n<ul class=\"wp-block-list\"><li>Un peu de r\u00e9vision et de renforcement des bases salon l&rsquo;inspiration du moment du formateur.<\/li><li>Et des fichiers de mise en pratique des diff\u00e9rents points de mati\u00e8res&nbsp;:<ul><li><a href=\"https:\/\/declick.be\/wp-content\/uploads\/2022\/01\/EX01-DocsLongs.docx\">EX01-DocsLongs<\/a> et <a href=\"https:\/\/declick.be\/wp-content\/uploads\/2022\/01\/EX01-DocsLongs_Solution.docx\">EX01-DocsLongs_Solution<\/a> et les images \u00e0 y ins\u00e9rer (<a href=\"https:\/\/declick.be\/wp-content\/uploads\/2022\/01\/EX01-Ardenne.jpg\">EX01-Ardenne<\/a>, <a href=\"https:\/\/declick.be\/wp-content\/uploads\/2022\/01\/EX01-Cote-2.jpg\">EX01-C\u00f4te<\/a>, <a href=\"https:\/\/declick.be\/wp-content\/uploads\/2022\/01\/EX01-Cuba.jpg\">EX01-Cuba<\/a>)&nbsp;: traitement des documents longs, r\u00e9vision bases (paragraphes, tableaux, tabulations, insertion d&rsquo;images).<\/li><li><a href=\"https:\/\/declick.be\/wp-content\/uploads\/2022\/01\/EX02-DocsLongs_Solution.docx\">EX02-DocsLongs_Solution<\/a> : traitement des documents longs, insertion de copies d&rsquo;\u00e9cran.<\/li><\/ul><ul><li><a href=\"https:\/\/declick.be\/wp-content\/uploads\/2022\/01\/EX03-ListeDonnees.xlsx\">EX03-ListeDonn\u00e9es<\/a>, <a href=\"https:\/\/declick.be\/wp-content\/uploads\/2022\/01\/EX03-Savon.png\">EX03-Savon<\/a>, <a href=\"https:\/\/declick.be\/wp-content\/uploads\/2022\/01\/EX03-Mailing_Exercice01_Solution.docx\">EX03-Mailing_Exercice01_Solution<\/a> et <a href=\"https:\/\/declick.be\/wp-content\/uploads\/2022\/01\/EX04-Mailing_Exercice02_Solution.docx\">EX04-Mailing_Exercice02_Solution<\/a>&nbsp;: exercices sur le publipostage (ou mailing, English).<\/li><\/ul><ul><li><a href=\"https:\/\/declick.be\/wp-content\/uploads\/2022\/01\/EX05-EX06-Modeles_Solution.dotx\">EX05 et EX06-Mod\u00e8le<\/a>&nbsp;: les mod\u00e8les Word.<\/li><\/ul><ul><li><a href=\"https:\/\/declick.be\/wp-content\/uploads\/2022\/01\/EX07-Modele-et-ruban.pdf\">EX07-Mod\u00e8le et ruban<\/a>&nbsp;: petit fascicule sur l&rsquo;utilisation des mod\u00e8les et la personnalisation du ruban.<\/li><li><a href=\"https:\/\/declick.be\/wp-content\/uploads\/2022\/01\/EX08-Formulaire_Solution.docx\">EX08-Formulaire_Solution<\/a> : cr\u00e9ation de formulaires avec Word.<\/li><\/ul><\/li><\/ul>\n","protected":false},"excerpt":{"rendered":"<p>Le cours suivant est un cours de Word avanc\u00e9. Il s&rsquo;adresse \u00e0 toute personne ayant des connaissances des bases de Word. Celles-ci peuvent avoir \u00e9t\u00e9 acquises par l&rsquo;exp\u00e9rience ou par le suivi d&rsquo;un cours&#46;&#46;&#46;<\/p>\n","protected":false},"author":1,"featured_media":0,"parent":0,"menu_order":0,"comment_status":"closed","ping_status":"closed","template":"","meta":{"footnotes":""},"class_list":["post-658","page","type-page","status-publish","hentry"],"_links":{"self":[{"href":"https:\/\/declick.be\/index.php\/wp-json\/wp\/v2\/pages\/658","targetHints":{"allow":["GET"]}}],"collection":[{"href":"https:\/\/declick.be\/index.php\/wp-json\/wp\/v2\/pages"}],"about":[{"href":"https:\/\/declick.be\/index.php\/wp-json\/wp\/v2\/types\/page"}],"author":[{"embeddable":true,"href":"https:\/\/declick.be\/index.php\/wp-json\/wp\/v2\/users\/1"}],"replies":[{"embeddable":true,"href":"https:\/\/declick.be\/index.php\/wp-json\/wp\/v2\/comments?post=658"}],"version-history":[{"count":8,"href":"https:\/\/declick.be\/index.php\/wp-json\/wp\/v2\/pages\/658\/revisions"}],"predecessor-version":[{"id":1123,"href":"https:\/\/declick.be\/index.php\/wp-json\/wp\/v2\/pages\/658\/revisions\/1123"}],"wp:attachment":[{"href":"https:\/\/declick.be\/index.php\/wp-json\/wp\/v2\/media?parent=658"}],"curies":[{"name":"wp","href":"https:\/\/api.w.org\/{rel}","templated":true}]}}