{"id":851,"date":"2022-01-15T18:26:15","date_gmt":"2022-01-15T17:26:15","guid":{"rendered":"http:\/\/declick.be\/?page_id=851"},"modified":"2022-02-11T14:35:00","modified_gmt":"2022-02-11T13:35:00","slug":"8-formules-et-fonctions","status":"publish","type":"page","link":"https:\/\/declick.be\/index.php\/8-formules-et-fonctions\/","title":{"rendered":"8. Formules et fonctions"},"content":{"rendered":"\n<p>Un jour uniquement consacr\u00e9 \u00e0 l&rsquo;\u00e9tude des formules et des fonctions. Une connaissance de cette mati\u00e8re est indispensable \u00e0 toute personne souhaitant \u00e9voluer dans l&rsquo;utilisation du tableur le plus utilis\u00e9 au monde.<\/p>\n\n\n\n<p>J&rsquo;esp\u00e8re pouvoir vous aider \u00e0 atteindre cet objectif en vous guidant dans la r\u00e9alisation des exercices t\u00e9l\u00e9chargeables ci-dessous.<\/p>\n\n\n\n<div class=\"wp-block-file\"><a id=\"wp-block-file--media-269ff6e0-63b7-4fe1-9aba-9de4a9589e85\" href=\"https:\/\/declick.be\/wp-content\/uploads\/2022\/02\/Formules-et-fonctions-planning-et-matieres.xls\">Formules-et-fonctions-planning-et-matieres<\/a><a href=\"https:\/\/declick.be\/wp-content\/uploads\/2022\/02\/Formules-et-fonctions-planning-et-matieres.xls\" class=\"wp-block-file__button\" download aria-describedby=\"wp-block-file--media-269ff6e0-63b7-4fe1-9aba-9de4a9589e85\">T\u00e9l\u00e9charger<\/a><\/div>\n\n\n\n<div class=\"wp-block-file\"><a id=\"wp-block-file--media-1fe7c551-ff2d-4609-ac86-fd1e69c84fe8\" href=\"https:\/\/declick.be\/wp-content\/uploads\/2022\/02\/Formules-et-fonctions-Ex1.xls\">Formules-et-fonctions-Ex1<\/a><a href=\"https:\/\/declick.be\/wp-content\/uploads\/2022\/02\/Formules-et-fonctions-Ex1.xls\" class=\"wp-block-file__button\" download aria-describedby=\"wp-block-file--media-1fe7c551-ff2d-4609-ac86-fd1e69c84fe8\">T\u00e9l\u00e9charger<\/a><\/div>\n\n\n\n<div class=\"wp-block-file\"><a id=\"wp-block-file--media-a77a40f3-80c7-4f99-9b93-19ad7fcd4e3f\" href=\"https:\/\/declick.be\/wp-content\/uploads\/2022\/02\/Formules-et-fonctions-Ex2.xls\">Formules-et-fonctions-Ex2<\/a><a href=\"https:\/\/declick.be\/wp-content\/uploads\/2022\/02\/Formules-et-fonctions-Ex2.xls\" class=\"wp-block-file__button\" download aria-describedby=\"wp-block-file--media-a77a40f3-80c7-4f99-9b93-19ad7fcd4e3f\">T\u00e9l\u00e9charger<\/a><\/div>\n\n\n\n<div class=\"wp-block-file\"><a id=\"wp-block-file--media-1f2a8170-98f5-46f8-99ce-4d895f8597e6\" href=\"https:\/\/declick.be\/wp-content\/uploads\/2022\/02\/Formules-et-fonctions-Ex3.xls\">Formules-et-fonctions-Ex3<\/a><a href=\"https:\/\/declick.be\/wp-content\/uploads\/2022\/02\/Formules-et-fonctions-Ex3.xls\" class=\"wp-block-file__button\" download aria-describedby=\"wp-block-file--media-1f2a8170-98f5-46f8-99ce-4d895f8597e6\">T\u00e9l\u00e9charger<\/a><\/div>\n\n\n\n<div class=\"wp-block-file\"><a id=\"wp-block-file--media-5aa047b9-37a1-45e0-816a-bb327415eebb\" href=\"https:\/\/declick.be\/wp-content\/uploads\/2022\/02\/Formules-et-fonctions-Ex4.xls\">Formules-et-fonctions-Ex4<\/a><a href=\"https:\/\/declick.be\/wp-content\/uploads\/2022\/02\/Formules-et-fonctions-Ex4.xls\" class=\"wp-block-file__button\" download aria-describedby=\"wp-block-file--media-5aa047b9-37a1-45e0-816a-bb327415eebb\">T\u00e9l\u00e9charger<\/a><\/div>\n\n\n\n<div class=\"wp-block-file\"><a id=\"wp-block-file--media-e985cbd5-f03f-4582-962c-2fcbb6c2ae1b\" href=\"https:\/\/declick.be\/wp-content\/uploads\/2022\/02\/Formules-et-fonctions-Ex5.xls\">Formules-et-fonctions-Ex5<\/a><a href=\"https:\/\/declick.be\/wp-content\/uploads\/2022\/02\/Formules-et-fonctions-Ex5.xls\" class=\"wp-block-file__button\" download aria-describedby=\"wp-block-file--media-e985cbd5-f03f-4582-962c-2fcbb6c2ae1b\">T\u00e9l\u00e9charger<\/a><\/div>\n\n\n\n<p><\/p>\n","protected":false},"excerpt":{"rendered":"<p>Un jour uniquement consacr\u00e9 \u00e0 l&rsquo;\u00e9tude des formules et des fonctions. Une connaissance de cette mati\u00e8re est indispensable \u00e0 toute personne souhaitant \u00e9voluer dans l&rsquo;utilisation du tableur le plus utilis\u00e9 au monde. J&rsquo;esp\u00e8re pouvoir&#46;&#46;&#46;<\/p>\n","protected":false},"author":1,"featured_media":0,"parent":0,"menu_order":0,"comment_status":"closed","ping_status":"closed","template":"","meta":{"footnotes":""},"class_list":["post-851","page","type-page","status-publish","hentry"],"_links":{"self":[{"href":"https:\/\/declick.be\/index.php\/wp-json\/wp\/v2\/pages\/851","targetHints":{"allow":["GET"]}}],"collection":[{"href":"https:\/\/declick.be\/index.php\/wp-json\/wp\/v2\/pages"}],"about":[{"href":"https:\/\/declick.be\/index.php\/wp-json\/wp\/v2\/types\/page"}],"author":[{"embeddable":true,"href":"https:\/\/declick.be\/index.php\/wp-json\/wp\/v2\/users\/1"}],"replies":[{"embeddable":true,"href":"https:\/\/declick.be\/index.php\/wp-json\/wp\/v2\/comments?post=851"}],"version-history":[{"count":2,"href":"https:\/\/declick.be\/index.php\/wp-json\/wp\/v2\/pages\/851\/revisions"}],"predecessor-version":[{"id":1067,"href":"https:\/\/declick.be\/index.php\/wp-json\/wp\/v2\/pages\/851\/revisions\/1067"}],"wp:attachment":[{"href":"https:\/\/declick.be\/index.php\/wp-json\/wp\/v2\/media?parent=851"}],"curies":[{"name":"wp","href":"https:\/\/api.w.org\/{rel}","templated":true}]}}