{"id":875,"date":"2022-01-19T11:18:14","date_gmt":"2022-01-19T10:18:14","guid":{"rendered":"http:\/\/declick.be\/?page_id=875"},"modified":"2024-11-25T15:20:49","modified_gmt":"2024-11-25T14:20:49","slug":"revision-word-bases","status":"publish","type":"page","link":"https:\/\/declick.be\/index.php\/revision-word-bases\/","title":{"rendered":"Bruxelles La\u00efque Word Interm\u00e9diaire"},"content":{"rendered":"\n<p>Cette formation, pr\u00e9vue sur 2 jours, permettra de revoir des notions de bases et vous familiarisera avec des notions plus avanc\u00e9es de l&rsquo;utilisation de Word. Nous y aborderons notamment, la cr\u00e9ation et l&rsquo;utilisation des styles, le travail avec les sections, le publipostage, &#8230; Les diff\u00e9rentes mati\u00e8res pr\u00e9vues pour cette formation sont reprises dans la fiche programme : <a href=\"https:\/\/declick.be\/wp-content\/uploads\/2024\/11\/2024_BXL-Laique_BFE-Prog_Bureautique.pdf\" target=\"_blank\" rel=\"noreferrer noopener\">Bxl La\u00efque &#8211; Programme 2024<\/a><\/p>\n\n\n\n<p>Ceci se fera par l&rsquo;exercice. Les diff\u00e9rents exercices se trouvent dans des sections th\u00e9matiques de ce site mais ont \u00e9t\u00e9 repris ci-dessous :<\/p>\n\n\n\n<ul class=\"wp-block-list\">\n<li>R\u00e9vision des bases : insertion d&rsquo;images, les tabulations, les tableaux Word, &#8230; Vous pouvez t\u00e9l\u00e9charger l&rsquo;exercice suivant et l&rsquo;imprimer, <a href=\"https:\/\/declick.be\/wp-content\/uploads\/2024\/11\/Exercice15_solution.pdf\" target=\"_blank\" rel=\"noreferrer noopener\">Exercice15_solution<\/a>, ainsi que l&rsquo;image du logo <a href=\"https:\/\/declick.be\/wp-content\/uploads\/2021\/11\/Exercice15_savon.png\" target=\"_blank\" rel=\"noreferrer noopener\">Exercice15_savon<\/a>. D&rsquo;autres fichiers traitant des bases de Word peuvent \u00eatre t\u00e9l\u00e9charg\u00e9s ici : <a href=\"https:\/\/declick.be\/index.php\/word-bases\/\">&lsquo;Bruxelles Formation .. 2. Word (bases et avanc\u00e9) .. Word Bases&rsquo;<\/a><\/li>\n\n\n\n<li>Travail sur les documents longs : les styles, table des mati\u00e8res, num\u00e9rotation des pages, travail avec des sections, &#8230; T\u00e9l\u00e9chargez les exercices ci-dessous et imprimez-les. D&rsquo;autres exercices sont disponibles ici : <a href=\"https:\/\/declick.be\/index.php\/3-word-longs-documents\/\">&lsquo;Bruxelles Formation .. 3. Longs Documents&rsquo;<\/a>\n<ul class=\"wp-block-list\">\n<li><a href=\"https:\/\/declick.be\/wp-content\/uploads\/2022\/01\/EX01-DocsLongs_Solution.doc\" target=\"_blank\" rel=\"noreferrer noopener\">EX01-DocsLongs_Solution.doc<\/a>. Le travail se fera sur le fichier initial <a href=\"https:\/\/declick.be\/wp-content\/uploads\/2022\/01\/EX01-DocsLongs.doc\" target=\"_blank\" rel=\"noreferrer noopener\">EX01-DocsLongs.doc<\/a><\/li>\n\n\n\n<li><a href=\"https:\/\/declick.be\/wp-content\/uploads\/2022\/01\/EX04-DocsLongs_Solution.docx\" target=\"_blank\" rel=\"noreferrer noopener\">EX04-DocsLongs_Solution.docx<\/a>. Le fichier pr\u00e9encod\u00e9, contenant uniquement le texte brut et les images, est <a href=\"https:\/\/declick.be\/wp-content\/uploads\/2022\/01\/EX04-DocsLongs.docx\" target=\"_blank\" rel=\"noreferrer noopener\">EX04-DocsLongs.docx<\/a>, l&rsquo;image de la page de garde est <a href=\"https:\/\/declick.be\/wp-content\/uploads\/2022\/01\/EX04-Image.png\" target=\"_blank\" rel=\"noreferrer noopener\">EX04-Image.png<\/a><\/li>\n<\/ul>\n<\/li>\n\n\n\n<li>R\u00e9alisation d&rsquo;un publipostage. Les fichiers ci-dessous seront utilis\u00e9s dans un premier temps pour vous initier \u00e0 la mati\u00e8re. D&rsquo;autres exercices pourront \u00eatre t\u00e9l\u00e9charg\u00e9s \u00e0 partir de la section ad\u00e9quate : <a href=\"https:\/\/declick.be\/index.php\/4-word-mailing-courrier-et-avis\/\">&lsquo;Bruxelles Formation .. 4-word-mailing-courrier-et-avis&rsquo;<\/a>.\n<ul class=\"wp-block-list\">\n<li>Un syllabus mettant en \u00e9vidence l&rsquo;utilisation du publipostage pour, par exemple, faire une recherche d&#8217;emploi : <a href=\"https:\/\/declick.be\/wp-content\/uploads\/2022\/02\/Ex05_Publipostage_Version20xx.pdf\" target=\"_blank\" rel=\"noreferrer noopener\">Ex05_Publipostage_Version20xx.pdf<\/a><\/li>\n\n\n\n<li>Et les fichiers utilis\u00e9s pour la r\u00e9alisation de l&rsquo;exercice : <a href=\"https:\/\/declick.be\/wp-content\/uploads\/2022\/02\/Ex05_LettreTypeVierge.docx\" target=\"_blank\" rel=\"noreferrer noopener\">Ex05_LettreTypeVierge.docx<\/a>&nbsp;\u2013&nbsp;<a href=\"https:\/\/declick.be\/wp-content\/uploads\/2022\/02\/Ex05_LettreTypeSolution.docx\" target=\"_blank\" rel=\"noreferrer noopener\">Ex05_LettreTypeSolution.docx<\/a>&nbsp;\u2013&nbsp;<a href=\"https:\/\/declick.be\/wp-content\/uploads\/2022\/02\/Ex05_SourcePublipostageEmploi.xlsx\" target=\"_blank\" rel=\"noreferrer noopener\">Ex05_SourcePublipostageEmploi.xlsx<\/a>&nbsp;\u2013&nbsp;<a href=\"https:\/\/declick.be\/wp-content\/uploads\/2022\/02\/Ex05_EtiquettesSolution.docx\" target=\"_blank\" rel=\"noreferrer noopener\">Ex05_EtiquettesSolution.docx<\/a><\/li>\n<\/ul>\n<\/li>\n<\/ul>\n\n\n\n<p>Bon travail !!!<\/p>\n\n\n\n<p><\/p>\n","protected":false},"excerpt":{"rendered":"<p>Cette formation, pr\u00e9vue sur 2 jours, permettra de revoir des notions de bases et vous familiarisera avec des notions plus avanc\u00e9es de l&rsquo;utilisation de Word. Nous y aborderons notamment, la cr\u00e9ation et l&rsquo;utilisation des&#46;&#46;&#46;<\/p>\n","protected":false},"author":1,"featured_media":0,"parent":0,"menu_order":0,"comment_status":"closed","ping_status":"closed","template":"","meta":{"footnotes":""},"class_list":["post-875","page","type-page","status-publish","hentry"],"_links":{"self":[{"href":"https:\/\/declick.be\/index.php\/wp-json\/wp\/v2\/pages\/875","targetHints":{"allow":["GET"]}}],"collection":[{"href":"https:\/\/declick.be\/index.php\/wp-json\/wp\/v2\/pages"}],"about":[{"href":"https:\/\/declick.be\/index.php\/wp-json\/wp\/v2\/types\/page"}],"author":[{"embeddable":true,"href":"https:\/\/declick.be\/index.php\/wp-json\/wp\/v2\/users\/1"}],"replies":[{"embeddable":true,"href":"https:\/\/declick.be\/index.php\/wp-json\/wp\/v2\/comments?post=875"}],"version-history":[{"count":16,"href":"https:\/\/declick.be\/index.php\/wp-json\/wp\/v2\/pages\/875\/revisions"}],"predecessor-version":[{"id":1919,"href":"https:\/\/declick.be\/index.php\/wp-json\/wp\/v2\/pages\/875\/revisions\/1919"}],"wp:attachment":[{"href":"https:\/\/declick.be\/index.php\/wp-json\/wp\/v2\/media?parent=875"}],"curies":[{"name":"wp","href":"https:\/\/api.w.org\/{rel}","templated":true}]}}